{"id":16,"date":"2013-11-30T12:56:54","date_gmt":"2013-11-30T10:56:54","guid":{"rendered":"http:\/\/www.stefan-scholl.de\/WP\/?page_id=16"},"modified":"2020-10-21T18:03:19","modified_gmt":"2020-10-21T17:03:19","slug":"wo-stehen-wir","status":"publish","type":"page","link":"http:\/\/www.stefan-scholl.de\/?page_id=16","title":{"rendered":"Was ich bewege"},"content":{"rendered":"<p>Schwerpunkte der Moderatoren- und Trainert\u00e4tigkeit:<\/p>\n<p>Parteien\/Fraktionen:<\/p>\n<ul type=\"square\">\n<li>Wahlkampf<\/li>\n<li>Mitgliederwerbung<\/li>\n<li>Coaching und strategische Steuerung f\u00fcr Fraktionen<\/li>\n<\/ul>\n<p>Kommunales:<\/p>\n<ul type=\"square\">\n<li>Hessische Gemeindeordnung, Arbeit in der Gemeindevertretung,<\/li>\n<\/ul>\n<p>Kompetenz:<\/p>\n<ul type=\"square\">\n<li>Rhetorik<\/li>\n<li>Storytelling<\/li>\n<li>Kommunikation<\/li>\n<li>Projektmanagement<\/li>\n<li>Zeit und Selbstmanagement<\/li>\n<li>Presse- und \u00d6ffentlichkeitsarbeit<\/li>\n<\/ul>\n<p>Moderation verschiedener Veranstaltungsformate.<\/p>\n<p>Bisherige Auftraggeber sind unter anderem:<\/p>\n<p>Bundesministerium f\u00fcr Umwelt, Naturschutz und nukleare Sicherheit, Parteischule im Willy-Brandt-Haus, Akademie f\u00fcr Kommunalpolitik Hessen, PBN Niedersachsen, FES Hessen, Akademie f\u00fcr ArbeitnehmerWeiterbildung der FES, Jusos Hessen, Bundes-SGK, DGB-Bundesvorstand (DGBjugend), Toni-Sender-Akademie, AWO Offenbach-Land, Hessischer Verwaltungsschulverband, verschiedene SPD Ortsvereine, Unterbezirke und Landesverb\u00e4nde.<\/p>\n<div id=\"attachment_257\" style=\"width: 3164px\" class=\"wp-caption alignleft\"><a href=\"http:\/\/www.stefan-scholl.de\/WP\/wp-content\/uploads\/2013\/11\/Werkstattgespr\u00e4ch_20201019-16_klein.jpg\"><img aria-describedby=\"caption-attachment-257\" loading=\"lazy\" class=\"size-full wp-image-257\" alt=\"Stefan Scholl - Moderator und Trainer (Foto: BMU, Sascha Hilgers)\" src=\"http:\/\/www.stefan-scholl.de\/WP\/wp-content\/uploads\/2013\/11\/Werkstattgespr\u00e4ch_20201019-16_klein.jpg\" width=\"3154\" height=\"2088\" \/><\/a><p id=\"caption-attachment-257\" class=\"wp-caption-text\">Stefan Scholl &#8211; Moderator und Trainer (Foto: BMU, Sascha Hilgers)<\/p><\/div>\n","protected":false},"excerpt":{"rendered":"<p>Schwerpunkte der Moderatoren- und Trainert\u00e4tigkeit: Parteien\/Fraktionen: Wahlkampf Mitgliederwerbung Coaching und strategische Steuerung f\u00fcr Fraktionen Kommunales: Hessische Gemeindeordnung, Arbeit in der Gemeindevertretung, Kompetenz: Rhetorik Storytelling Kommunikation Projektmanagement Zeit und Selbstmanagement Presse-<\/p>\n","protected":false},"author":1,"featured_media":0,"parent":0,"menu_order":0,"comment_status":"closed","ping_status":"open","template":"","meta":[],"_links":{"self":[{"href":"http:\/\/www.stefan-scholl.de\/index.php?rest_route=\/wp\/v2\/pages\/16"}],"collection":[{"href":"http:\/\/www.stefan-scholl.de\/index.php?rest_route=\/wp\/v2\/pages"}],"about":[{"href":"http:\/\/www.stefan-scholl.de\/index.php?rest_route=\/wp\/v2\/types\/page"}],"author":[{"embeddable":true,"href":"http:\/\/www.stefan-scholl.de\/index.php?rest_route=\/wp\/v2\/users\/1"}],"replies":[{"embeddable":true,"href":"http:\/\/www.stefan-scholl.de\/index.php?rest_route=%2Fwp%2Fv2%2Fcomments&post=16"}],"version-history":[{"count":21,"href":"http:\/\/www.stefan-scholl.de\/index.php?rest_route=\/wp\/v2\/pages\/16\/revisions"}],"predecessor-version":[{"id":259,"href":"http:\/\/www.stefan-scholl.de\/index.php?rest_route=\/wp\/v2\/pages\/16\/revisions\/259"}],"wp:attachment":[{"href":"http:\/\/www.stefan-scholl.de\/index.php?rest_route=%2Fwp%2Fv2%2Fmedia&parent=16"}],"curies":[{"name":"wp","href":"https:\/\/api.w.org\/{rel}","templated":true}]}}

<p>Schwerpunkte der Moderatoren- und Trainertätigkeit:</p>
<p>Parteien/Fraktionen:</p>
<ul type="square">
<li>Wahlkampf</li>
<li>Mitgliederwerbung</li>
<li>Coaching und strategische Steuerung für Fraktionen</li>
</ul>
<p>Kommunales:</p>
<ul type="square">
<li>Hessische Gemeindeordnung, Arbeit in der Gemeindevertretung,</li>
</ul>
<p>Kompetenz:</p>
<ul type="square">
<li>Rhetorik</li>
<li>Storytelling</li>
<li>Kommunikation</li>
<li>Projektmanagement</li>
<li>Zeit und Selbstmanagement</li>
<li>Presse- und Öffentlichkeitsarbeit</li>
</ul>
<p>Moderation verschiedener Veranstaltungsformate.</p>
<p>Bisherige Auftraggeber sind unter anderem:</p>
<p>Bundesministerium für Umwelt, Naturschutz und nukleare Sicherheit, Parteischule im Willy-Brandt-Haus, Akademie für Kommunalpolitik Hessen, PBN Niedersachsen, FES Hessen, Akademie für ArbeitnehmerWeiterbildung der FES, Jusos Hessen, Bundes-SGK, DGB-Bundesvorstand (DGBjugend), Toni-Sender-Akademie, AWO Offenbach-Land, Hessischer Verwaltungsschulverband, verschiedene SPD Ortsvereine, Unterbezirke und Landesverbände.</p>
<div id="attachment_257" style="width: 3164px" class="wp-caption alignleft"><a href="http://www.stefan-scholl.de/WP/wp-content/uploads/2013/11/Werkstattgespräch_20201019-16_klein.jpg"><img aria-describedby="caption-attachment-257" loading="lazy" class="size-full wp-image-257" alt="Stefan Scholl - Moderator und Trainer (Foto: BMU, Sascha Hilgers)" src="http://www.stefan-scholl.de/WP/wp-content/uploads/2013/11/Werkstattgespräch_20201019-16_klein.jpg" width="3154" height="2088" /></a><p id="caption-attachment-257" class="wp-caption-text">Stefan Scholl &#8211; Moderator und Trainer (Foto: BMU, Sascha Hilgers)</p></div>

<p>Schwerpunkte der Moderatoren- und Trainertätigkeit: Parteien/Fraktionen: Wahlkampf Mitgliederwerbung Coaching und strategische Steuerung für Fraktionen Kommunales: Hessische Gemeindeordnung, Arbeit in der Gemeindevertretung, Kompetenz: Rhetorik Storytelling Kommunikation Projektmanagement Zeit und Selbstmanagement Presse-</p>
